	


{"id":268,"date":"2021-06-01T07:58:50","date_gmt":"2021-06-01T07:58:50","guid":{"rendered":"http:\/\/www.tarsashazszakerto.hu\/?page_id=268"},"modified":"2021-07-21T11:57:06","modified_gmt":"2021-07-21T11:57:06","slug":"videok","status":"publish","type":"page","link":"https:\/\/tarsashazszakerto.hu\/?page_id=268","title":{"rendered":"Vide\u00f3k"},"content":{"rendered":"\t\t<div data-elementor-type=\"wp-page\" data-elementor-id=\"268\" class=\"elementor elementor-268\" data-elementor-post-type=\"page\">\n\t\t\t\t\t\t<section class=\"elementor-section elementor-top-section elementor-element elementor-element-5cf4297 elementor-section-boxed elementor-section-height-default elementor-section-height-default\" data-id=\"5cf4297\" data-element_type=\"section\">\n\t\t\t\t\t\t<div class=\"elementor-container elementor-column-gap-default\">\n\t\t\t\t\t<div class=\"elementor-column elementor-col-100 elementor-top-column elementor-element elementor-element-ef58ef3\" data-id=\"ef58ef3\" data-element_type=\"column\">\n\t\t\t<div class=\"elementor-widget-wrap elementor-element-populated\">\n\t\t\t\t\t\t<div class=\"elementor-element elementor-element-5007946 elementor-widget elementor-widget-heading\" data-id=\"5007946\" data-element_type=\"widget\" data-widget_type=\"heading.default\">\n\t\t\t\t<div class=\"elementor-widget-container\">\n\t\t\t\t\t<h1 class=\"elementor-heading-title elementor-size-default\">Vide\u00f3k<\/h1>\t\t\t\t<\/div>\n\t\t\t\t<\/div>\n\t\t\t\t<div class=\"elementor-element elementor-element-12c6a5a elementor-widget-divider--view-line elementor-widget elementor-widget-divider\" data-id=\"12c6a5a\" data-element_type=\"widget\" data-widget_type=\"divider.default\">\n\t\t\t\t<div class=\"elementor-widget-container\">\n\t\t\t\t\t\t\t<div class=\"elementor-divider\">\n\t\t\t<span class=\"elementor-divider-separator\">\n\t\t\t\t\t\t<\/span>\n\t\t<\/div>\n\t\t\t\t\t\t<\/div>\n\t\t\t\t<\/div>\n\t\t\t\t<div class=\"elementor-element elementor-element-28237cd elementor-widget elementor-widget-text-editor\" data-id=\"28237cd\" data-element_type=\"widget\" data-widget_type=\"text-editor.default\">\n\t\t\t\t<div class=\"elementor-widget-container\">\n\t\t\t\t\t\t\t\t\t<p>Tekintse meg m\u00e9diamegjelen\u00e9seim.\u00a0<\/p>\t\t\t\t\t\t\t\t<\/div>\n\t\t\t\t<\/div>\n\t\t\t\t<div class=\"elementor-element elementor-element-459f2ad elementor-widget elementor-widget-text-editor\" data-id=\"459f2ad\" data-element_type=\"widget\" data-widget_type=\"text-editor.default\">\n\t\t\t\t<div class=\"elementor-widget-container\">\n\t\t\t\t\t\t\t\t\t<iframe src=\"https:\/\/tv2play.hu\/embed\/mokka\/elszabadultak-az-indulatok-egy-lakogyulesen\" width=\"640\" height=\"600\" frameborder=\"0\" scrolling=\"no\" allowfullscreen=\"allowfullscreen\"><\/iframe>\t\t\t\t\t\t\t\t<\/div>\n\t\t\t\t<\/div>\n\t\t\t\t<div class=\"elementor-element elementor-element-2192e33 elementor-widget elementor-widget-video\" data-id=\"2192e33\" data-element_type=\"widget\" data-settings=\"{&quot;youtube_url&quot;:&quot;https:\\\/\\\/youtu.be\\\/EC0j3HzERJw&quot;,&quot;video_type&quot;:&quot;youtube&quot;,&quot;controls&quot;:&quot;yes&quot;}\" data-widget_type=\"video.default\">\n\t\t\t\t<div class=\"elementor-widget-container\">\n\t\t\t\t\t\t\t<div class=\"elementor-wrapper elementor-open-inline\">\n\t\t\t<div class=\"elementor-video\"><\/div>\t\t<\/div>\n\t\t\t\t\t\t<\/div>\n\t\t\t\t<\/div>\n\t\t\t\t<div class=\"elementor-element elementor-element-bcd7428 elementor-widget elementor-widget-video\" data-id=\"bcd7428\" data-element_type=\"widget\" data-settings=\"{&quot;youtube_url&quot;:&quot;https:\\\/\\\/youtu.be\\\/BpmHmDgaJWM&quot;,&quot;video_type&quot;:&quot;youtube&quot;,&quot;controls&quot;:&quot;yes&quot;}\" data-widget_type=\"video.default\">\n\t\t\t\t<div class=\"elementor-widget-container\">\n\t\t\t\t\t\t\t<div class=\"elementor-wrapper elementor-open-inline\">\n\t\t\t<div class=\"elementor-video\"><\/div>\t\t<\/div>\n\t\t\t\t\t\t<\/div>\n\t\t\t\t<\/div>\n\t\t\t\t<div class=\"elementor-element elementor-element-34b3fbd elementor-widget elementor-widget-video\" data-id=\"34b3fbd\" data-element_type=\"widget\" data-settings=\"{&quot;youtube_url&quot;:&quot;https:\\\/\\\/youtu.be\\\/ql0_BCaytK4&quot;,&quot;video_type&quot;:&quot;youtube&quot;,&quot;controls&quot;:&quot;yes&quot;}\" data-widget_type=\"video.default\">\n\t\t\t\t<div class=\"elementor-widget-container\">\n\t\t\t\t\t\t\t<div class=\"elementor-wrapper elementor-open-inline\">\n\t\t\t<div class=\"elementor-video\"><\/div>\t\t<\/div>\n\t\t\t\t\t\t<\/div>\n\t\t\t\t<\/div>\n\t\t\t\t<div class=\"elementor-element elementor-element-c5d51ae elementor-widget elementor-widget-video\" data-id=\"c5d51ae\" data-element_type=\"widget\" data-settings=\"{&quot;youtube_url&quot;:&quot;https:\\\/\\\/youtu.be\\\/sJxjuRM55NM&quot;,&quot;video_type&quot;:&quot;youtube&quot;,&quot;controls&quot;:&quot;yes&quot;}\" data-widget_type=\"video.default\">\n\t\t\t\t<div class=\"elementor-widget-container\">\n\t\t\t\t\t\t\t<div class=\"elementor-wrapper elementor-open-inline\">\n\t\t\t<div class=\"elementor-video\"><\/div>\t\t<\/div>\n\t\t\t\t\t\t<\/div>\n\t\t\t\t<\/div>\n\t\t\t\t<div class=\"elementor-element elementor-element-3f9ea5a elementor-widget elementor-widget-video\" data-id=\"3f9ea5a\" data-element_type=\"widget\" data-settings=\"{&quot;youtube_url&quot;:&quot;https:\\\/\\\/youtu.be\\\/qWZ0gup_YsA&quot;,&quot;video_type&quot;:&quot;youtube&quot;,&quot;controls&quot;:&quot;yes&quot;}\" data-widget_type=\"video.default\">\n\t\t\t\t<div class=\"elementor-widget-container\">\n\t\t\t\t\t\t\t<div class=\"elementor-wrapper elementor-open-inline\">\n\t\t\t<div class=\"elementor-video\"><\/div>\t\t<\/div>\n\t\t\t\t\t\t<\/div>\n\t\t\t\t<\/div>\n\t\t\t\t\t<\/div>\n\t\t<\/div>\n\t\t\t\t\t<\/div>\n\t\t<\/section>\n\t\t\t\t<section class=\"elementor-section elementor-top-section elementor-element elementor-element-0ba04c3 elementor-hidden-tablet elementor-hidden-phone elementor-section-boxed elementor-section-height-default elementor-section-height-default\" data-id=\"0ba04c3\" data-element_type=\"section\">\n\t\t\t\t\t\t<div class=\"elementor-container elementor-column-gap-default\">\n\t\t\t\t\t<div class=\"elementor-column elementor-col-100 elementor-top-column elementor-element elementor-element-e117f1a\" data-id=\"e117f1a\" data-element_type=\"column\">\n\t\t\t<div class=\"elementor-widget-wrap elementor-element-populated\">\n\t\t\t\t\t\t<div class=\"elementor-element elementor-element-81bb46d elementor-widget elementor-widget-text-editor\" data-id=\"81bb46d\" data-element_type=\"widget\" data-widget_type=\"text-editor.default\">\n\t\t\t\t<div class=\"elementor-widget-container\">\n\t\t\t\t\t\t\t\t\t<iframe width=\"640\" height=\"580\" src=\"https:\/\/tv2play.hu\/embed\/mokka\/elszabadultak-az-indulatok-egy-lakogyulesen\" allowfullscreen scrolling=\"no\" frameborder=\"0\"><\/iframe>\t\t\t\t\t\t\t\t<\/div>\n\t\t\t\t<\/div>\n\t\t\t\t<div class=\"elementor-element elementor-element-3be200f elementor-widget elementor-widget-text-editor\" data-id=\"3be200f\" data-element_type=\"widget\" data-widget_type=\"text-editor.default\">\n\t\t\t\t<div class=\"elementor-widget-container\">\n\t\t\t\t\t\t\t\t\t<iframe width=\"640\" height=\"580\" src=\"https:\/\/tv2play.hu\/embed\/mokka\/megegett-a-lakastuzben-majd-fustmergezest-kapott\" allowfullscreen scrolling=\"no\" frameborder=\"0\"><\/iframe>\t\t\t\t\t\t\t\t<\/div>\n\t\t\t\t<\/div>\n\t\t\t\t<div class=\"elementor-element elementor-element-663fd55 elementor-widget elementor-widget-text-editor\" data-id=\"663fd55\" data-element_type=\"widget\" data-widget_type=\"text-editor.default\">\n\t\t\t\t<div class=\"elementor-widget-container\">\n\t\t\t\t\t\t\t\t\t<iframe width=\"640\" height=\"580\" src=\"https:\/\/tv2play.hu\/embed\/mokka\/megszolalt-a-ferfi-aki-a-pinceig-zuhant-a-lepcsohazban\" allowfullscreen scrolling=\"no\" frameborder=\"0\"><\/iframe>\t\t\t\t\t\t\t\t<\/div>\n\t\t\t\t<\/div>\n\t\t\t\t\t<\/div>\n\t\t<\/div>\n\t\t\t\t\t<\/div>\n\t\t<\/section>\n\t\t\t\t<section class=\"elementor-section elementor-top-section elementor-element elementor-element-e7ea91b elementor-hidden-desktop elementor-section-boxed elementor-section-height-default elementor-section-height-default\" data-id=\"e7ea91b\" data-element_type=\"section\">\n\t\t\t\t\t\t<div class=\"elementor-container elementor-column-gap-default\">\n\t\t\t\t\t<div class=\"elementor-column elementor-col-100 elementor-top-column elementor-element elementor-element-187d3c2\" data-id=\"187d3c2\" data-element_type=\"column\">\n\t\t\t<div class=\"elementor-widget-wrap elementor-element-populated\">\n\t\t\t\t\t\t<div class=\"elementor-element elementor-element-892bc8e elementor-widget elementor-widget-text-editor\" data-id=\"892bc8e\" data-element_type=\"widget\" data-widget_type=\"text-editor.default\">\n\t\t\t\t<div class=\"elementor-widget-container\">\n\t\t\t\t\t\t\t\t\t<iframe src=\"https:\/\/tv2play.hu\/embed\/mokka\/elszabadultak-az-indulatok-egy-lakogyulesen\" width=\"auto\" height=\"auto\" frameborder=\"0\" scrolling=\"no\" allowfullscreen=\"allowfullscreen\"><\/iframe>\t\t\t\t\t\t\t\t<\/div>\n\t\t\t\t<\/div>\n\t\t\t\t<div class=\"elementor-element elementor-element-9e43121 elementor-widget elementor-widget-text-editor\" data-id=\"9e43121\" data-element_type=\"widget\" data-widget_type=\"text-editor.default\">\n\t\t\t\t<div class=\"elementor-widget-container\">\n\t\t\t\t\t\t\t\t\t<iframe src=\"https:\/\/tv2play.hu\/embed\/mokka\/megegett-a-lakastuzben-majd-fustmergezest-kapott\" width=\"auto\" height=\"auto\" frameborder=\"0\" scrolling=\"no\" allowfullscreen=\"allowfullscreen\"><\/iframe>\t\t\t\t\t\t\t\t<\/div>\n\t\t\t\t<\/div>\n\t\t\t\t<div class=\"elementor-element elementor-element-e3ff5fe elementor-widget elementor-widget-text-editor\" data-id=\"e3ff5fe\" data-element_type=\"widget\" data-widget_type=\"text-editor.default\">\n\t\t\t\t<div class=\"elementor-widget-container\">\n\t\t\t\t\t\t\t\t\t<iframe src=\"https:\/\/tv2play.hu\/embed\/mokka\/megszolalt-a-ferfi-aki-a-pinceig-zuhant-a-lepcsohazban\" width=\"auto\" height=\"auto\" frameborder=\"0\" scrolling=\"no\" allowfullscreen=\"allowfullscreen\"><\/iframe>\t\t\t\t\t\t\t\t<\/div>\n\t\t\t\t<\/div>\n\t\t\t\t\t<\/div>\n\t\t<\/div>\n\t\t\t\t\t<\/div>\n\t\t<\/section>\n\t\t\t\t<section class=\"elementor-section elementor-top-section elementor-element elementor-element-e70f4ee elementor-section-stretched elementor-section-boxed elementor-section-height-default elementor-section-height-default\" data-id=\"e70f4ee\" data-element_type=\"section\" data-settings=\"{&quot;stretch_section&quot;:&quot;section-stretched&quot;,&quot;background_background&quot;:&quot;classic&quot;}\">\n\t\t\t\t\t\t<div class=\"elementor-container elementor-column-gap-default\">\n\t\t\t\t\t<div class=\"elementor-column elementor-col-100 elementor-top-column elementor-element elementor-element-63c028f\" data-id=\"63c028f\" data-element_type=\"column\">\n\t\t\t<div class=\"elementor-widget-wrap elementor-element-populated\">\n\t\t\t\t\t\t<div class=\"elementor-element elementor-element-f03f54e elementor-widget elementor-widget-heading\" data-id=\"f03f54e\" data-element_type=\"widget\" data-widget_type=\"heading.default\">\n\t\t\t\t<div class=\"elementor-widget-container\">\n\t\t\t\t\t<h2 class=\"elementor-heading-title elementor-size-default\">LAK\u00c1SV\u00c1S\u00c1RL\u00c1S OKOSAN VIDE\u00d3K\n<\/h2>\t\t\t\t<\/div>\n\t\t\t\t<\/div>\n\t\t\t\t<div class=\"elementor-element elementor-element-54e96b8 elementor-widget-divider--view-line elementor-widget elementor-widget-divider\" data-id=\"54e96b8\" data-element_type=\"widget\" data-widget_type=\"divider.default\">\n\t\t\t\t<div class=\"elementor-widget-container\">\n\t\t\t\t\t\t\t<div class=\"elementor-divider\">\n\t\t\t<span class=\"elementor-divider-separator\">\n\t\t\t\t\t\t<\/span>\n\t\t<\/div>\n\t\t\t\t\t\t<\/div>\n\t\t\t\t<\/div>\n\t\t\t\t<div class=\"elementor-element elementor-element-c301a8c elementor-widget elementor-widget-video\" data-id=\"c301a8c\" data-element_type=\"widget\" data-settings=\"{&quot;youtube_url&quot;:&quot;https:\\\/\\\/www.youtube.com\\\/watch?v=ugJGB48UwPM&amp;t=6s&quot;,&quot;video_type&quot;:&quot;youtube&quot;,&quot;controls&quot;:&quot;yes&quot;}\" data-widget_type=\"video.default\">\n\t\t\t\t<div class=\"elementor-widget-container\">\n\t\t\t\t\t\t\t<div class=\"elementor-wrapper elementor-open-inline\">\n\t\t\t<div class=\"elementor-video\"><\/div>\t\t<\/div>\n\t\t\t\t\t\t<\/div>\n\t\t\t\t<\/div>\n\t\t\t\t<div class=\"elementor-element elementor-element-3bc9475 elementor-align-center elementor-mobile-align-center elementor-widget elementor-widget-button\" data-id=\"3bc9475\" data-element_type=\"widget\" data-widget_type=\"button.default\">\n\t\t\t\t<div class=\"elementor-widget-container\">\n\t\t\t\t\t\t\t\t\t<div class=\"elementor-button-wrapper\">\n\t\t\t\t\t<a class=\"elementor-button elementor-button-link elementor-size-sm\" href=\"https:\/\/www.youtube.com\/user\/szilberszilvia\" target=\"_blank\">\n\t\t\t\t\t\t<span class=\"elementor-button-content-wrapper\">\n\t\t\t\t\t\t\t\t\t<span class=\"elementor-button-text\">Tov\u00e1bb a Youtube csatorn\u00e1ra<\/span>\n\t\t\t\t\t<\/span>\n\t\t\t\t\t<\/a>\n\t\t\t\t<\/div>\n\t\t\t\t\t\t\t\t<\/div>\n\t\t\t\t<\/div>\n\t\t\t\t\t<\/div>\n\t\t<\/div>\n\t\t\t\t\t<\/div>\n\t\t<\/section>\n\t\t\t\t<\/div>\n\t\t","protected":false},"excerpt":{"rendered":"<p>Vide\u00f3k Tekintse meg m\u00e9diamegjelen\u00e9seim.\u00a0 https:\/\/youtu.be\/EC0j3HzERJwhttps:\/\/youtu.be\/BpmHmDgaJWMhttps:\/\/youtu.be\/ql0_BCaytK4https:\/\/youtu.be\/sJxjuRM55NMhttps:\/\/youtu.be\/qWZ0gup_YsA LAK\u00c1SV\u00c1S\u00c1RL\u00c1S OKOSAN VIDE\u00d3K Tov\u00e1bb a Youtube csatorn\u00e1ra<\/p>\n","protected":false},"author":1,"featured_media":0,"parent":0,"menu_order":0,"comment_status":"closed","ping_status":"open","template":"","meta":{"footnotes":""},"class_list":["post-268","page","type-page","status-publish","hentry","entry"],"yoast_head":"<!-- This site is optimized with the Yoast SEO plugin v25.9 - https:\/\/yoast.com\/wordpress\/plugins\/seo\/ -->\n<title>Vide\u00f3k - Szilber Ingatlan Menedzsment<\/title>\n<meta name=\"description\" content=\"Vide\u00f3k Tekintse meg m\u00e9diamegjelen\u00e9seim.\u00a0 https:\/\/youtu.be\/EC0j3HzERJwhttps:\/\/youtu.be\/BpmHmDgaJWMhttps:\/\/youtu.be\/ql0_BCaytK4https:\/\/youtu.be\/sJxjuRM55NMhttps:\/\/youtu.be\/qWZ0gup_YsA LAK\u00c1SV\u00c1S\u00c1RL\u00c1S OKOSAN VIDE\u00d3K Tov\u00e1bb a Youtube csatorn\u00e1ra\" \/>\n<meta name=\"robots\" content=\"index, follow, max-snippet:-1, max-image-preview:large, max-video-preview:-1\" \/>\n<link rel=\"canonical\" href=\"https:\/\/tarsashazszakerto.hu\/?page_id=268\" \/>\n<meta property=\"og:locale\" content=\"hu_HU\" \/>\n<meta property=\"og:type\" content=\"article\" \/>\n<meta property=\"og:title\" content=\"Vide\u00f3k - Szilber Ingatlan Menedzsment\" \/>\n<meta property=\"og:description\" content=\"Vide\u00f3k Tekintse meg m\u00e9diamegjelen\u00e9seim.\u00a0 https:\/\/youtu.be\/EC0j3HzERJwhttps:\/\/youtu.be\/BpmHmDgaJWMhttps:\/\/youtu.be\/ql0_BCaytK4https:\/\/youtu.be\/sJxjuRM55NMhttps:\/\/youtu.be\/qWZ0gup_YsA LAK\u00c1SV\u00c1S\u00c1RL\u00c1S OKOSAN VIDE\u00d3K Tov\u00e1bb a Youtube csatorn\u00e1ra\" \/>\n<meta property=\"og:url\" content=\"https:\/\/tarsashazszakerto.hu\/?page_id=268\" \/>\n<meta property=\"og:site_name\" content=\"Szilber Ingatlan Menedzsment\" \/>\n<meta property=\"article:modified_time\" content=\"2021-07-21T11:57:06+00:00\" \/>\n<meta name=\"twitter:card\" content=\"summary_large_image\" \/>\n<meta name=\"twitter:label1\" content=\"Becs\u00fclt olvas\u00e1si id\u0151\" \/>\n\t<meta name=\"twitter:data1\" content=\"1 perc\" \/>\n<script type=\"application\/ld+json\" class=\"yoast-schema-graph\">{\"@context\":\"https:\/\/schema.org\",\"@graph\":[{\"@type\":\"WebPage\",\"@id\":\"https:\/\/tarsashazszakerto.hu\/?page_id=268\",\"url\":\"https:\/\/tarsashazszakerto.hu\/?page_id=268\",\"name\":\"Vide\u00f3k - Szilber Ingatlan Menedzsment\",\"isPartOf\":{\"@id\":\"https:\/\/tarsashazszakerto.hu\/#website\"},\"datePublished\":\"2021-06-01T07:58:50+00:00\",\"dateModified\":\"2021-07-21T11:57:06+00:00\",\"breadcrumb\":{\"@id\":\"https:\/\/tarsashazszakerto.hu\/?page_id=268#breadcrumb\"},\"inLanguage\":\"hu\",\"potentialAction\":[{\"@type\":\"ReadAction\",\"target\":[\"https:\/\/tarsashazszakerto.hu\/?page_id=268\"]}]},{\"@type\":\"BreadcrumbList\",\"@id\":\"https:\/\/tarsashazszakerto.hu\/?page_id=268#breadcrumb\",\"itemListElement\":[{\"@type\":\"ListItem\",\"position\":1,\"name\":\"Kezd\u0151lap\",\"item\":\"https:\/\/tarsashazszakerto.hu\/\"},{\"@type\":\"ListItem\",\"position\":2,\"name\":\"Vide\u00f3k\"}]},{\"@type\":\"WebSite\",\"@id\":\"https:\/\/tarsashazszakerto.hu\/#website\",\"url\":\"https:\/\/tarsashazszakerto.hu\/\",\"name\":\"Szilber Ingatlan Menedzsment\",\"description\":\"Lak\u00e1sv\u00e1s\u00e1rl\u00e1s okosan\",\"publisher\":{\"@id\":\"https:\/\/tarsashazszakerto.hu\/#organization\"},\"potentialAction\":[{\"@type\":\"SearchAction\",\"target\":{\"@type\":\"EntryPoint\",\"urlTemplate\":\"https:\/\/tarsashazszakerto.hu\/?s={search_term_string}\"},\"query-input\":{\"@type\":\"PropertyValueSpecification\",\"valueRequired\":true,\"valueName\":\"search_term_string\"}}],\"inLanguage\":\"hu\"},{\"@type\":\"Organization\",\"@id\":\"https:\/\/tarsashazszakerto.hu\/#organization\",\"name\":\"Szilber Ingatlan Menedzsment\",\"url\":\"https:\/\/tarsashazszakerto.hu\/\",\"logo\":{\"@type\":\"ImageObject\",\"inLanguage\":\"hu\",\"@id\":\"https:\/\/tarsashazszakerto.hu\/#\/schema\/logo\/image\/\",\"url\":\"https:\/\/tarsashazszakerto.hu\/wp-content\/uploads\/2021\/07\/cropped-logo_-kis.jpg\",\"contentUrl\":\"https:\/\/tarsashazszakerto.hu\/wp-content\/uploads\/2021\/07\/cropped-logo_-kis.jpg\",\"width\":762,\"height\":202,\"caption\":\"Szilber Ingatlan Menedzsment\"},\"image\":{\"@id\":\"https:\/\/tarsashazszakerto.hu\/#\/schema\/logo\/image\/\"}}]}<\/script>\n<!-- \/ Yoast SEO plugin. -->","yoast_head_json":{"title":"Vide\u00f3k - Szilber Ingatlan Menedzsment","description":"Vide\u00f3k Tekintse meg m\u00e9diamegjelen\u00e9seim.\u00a0 https:\/\/youtu.be\/EC0j3HzERJwhttps:\/\/youtu.be\/BpmHmDgaJWMhttps:\/\/youtu.be\/ql0_BCaytK4https:\/\/youtu.be\/sJxjuRM55NMhttps:\/\/youtu.be\/qWZ0gup_YsA LAK\u00c1SV\u00c1S\u00c1RL\u00c1S OKOSAN VIDE\u00d3K Tov\u00e1bb a Youtube csatorn\u00e1ra","robots":{"index":"index","follow":"follow","max-snippet":"max-snippet:-1","max-image-preview":"max-image-preview:large","max-video-preview":"max-video-preview:-1"},"canonical":"https:\/\/tarsashazszakerto.hu\/?page_id=268","og_locale":"hu_HU","og_type":"article","og_title":"Vide\u00f3k - Szilber Ingatlan Menedzsment","og_description":"Vide\u00f3k Tekintse meg m\u00e9diamegjelen\u00e9seim.\u00a0 https:\/\/youtu.be\/EC0j3HzERJwhttps:\/\/youtu.be\/BpmHmDgaJWMhttps:\/\/youtu.be\/ql0_BCaytK4https:\/\/youtu.be\/sJxjuRM55NMhttps:\/\/youtu.be\/qWZ0gup_YsA LAK\u00c1SV\u00c1S\u00c1RL\u00c1S OKOSAN VIDE\u00d3K Tov\u00e1bb a Youtube csatorn\u00e1ra","og_url":"https:\/\/tarsashazszakerto.hu\/?page_id=268","og_site_name":"Szilber Ingatlan Menedzsment","article_modified_time":"2021-07-21T11:57:06+00:00","twitter_card":"summary_large_image","twitter_misc":{"Becs\u00fclt olvas\u00e1si id\u0151":"1 perc"},"schema":{"@context":"https:\/\/schema.org","@graph":[{"@type":"WebPage","@id":"https:\/\/tarsashazszakerto.hu\/?page_id=268","url":"https:\/\/tarsashazszakerto.hu\/?page_id=268","name":"Vide\u00f3k - Szilber Ingatlan Menedzsment","isPartOf":{"@id":"https:\/\/tarsashazszakerto.hu\/#website"},"datePublished":"2021-06-01T07:58:50+00:00","dateModified":"2021-07-21T11:57:06+00:00","breadcrumb":{"@id":"https:\/\/tarsashazszakerto.hu\/?page_id=268#breadcrumb"},"inLanguage":"hu","potentialAction":[{"@type":"ReadAction","target":["https:\/\/tarsashazszakerto.hu\/?page_id=268"]}]},{"@type":"BreadcrumbList","@id":"https:\/\/tarsashazszakerto.hu\/?page_id=268#breadcrumb","itemListElement":[{"@type":"ListItem","position":1,"name":"Kezd\u0151lap","item":"https:\/\/tarsashazszakerto.hu\/"},{"@type":"ListItem","position":2,"name":"Vide\u00f3k"}]},{"@type":"WebSite","@id":"https:\/\/tarsashazszakerto.hu\/#website","url":"https:\/\/tarsashazszakerto.hu\/","name":"Szilber Ingatlan Menedzsment","description":"Lak\u00e1sv\u00e1s\u00e1rl\u00e1s okosan","publisher":{"@id":"https:\/\/tarsashazszakerto.hu\/#organization"},"potentialAction":[{"@type":"SearchAction","target":{"@type":"EntryPoint","urlTemplate":"https:\/\/tarsashazszakerto.hu\/?s={search_term_string}"},"query-input":{"@type":"PropertyValueSpecification","valueRequired":true,"valueName":"search_term_string"}}],"inLanguage":"hu"},{"@type":"Organization","@id":"https:\/\/tarsashazszakerto.hu\/#organization","name":"Szilber Ingatlan Menedzsment","url":"https:\/\/tarsashazszakerto.hu\/","logo":{"@type":"ImageObject","inLanguage":"hu","@id":"https:\/\/tarsashazszakerto.hu\/#\/schema\/logo\/image\/","url":"https:\/\/tarsashazszakerto.hu\/wp-content\/uploads\/2021\/07\/cropped-logo_-kis.jpg","contentUrl":"https:\/\/tarsashazszakerto.hu\/wp-content\/uploads\/2021\/07\/cropped-logo_-kis.jpg","width":762,"height":202,"caption":"Szilber Ingatlan Menedzsment"},"image":{"@id":"https:\/\/tarsashazszakerto.hu\/#\/schema\/logo\/image\/"}}]}},"_links":{"self":[{"href":"https:\/\/tarsashazszakerto.hu\/index.php?rest_route=\/wp\/v2\/pages\/268","targetHints":{"allow":["GET"]}}],"collection":[{"href":"https:\/\/tarsashazszakerto.hu\/index.php?rest_route=\/wp\/v2\/pages"}],"about":[{"href":"https:\/\/tarsashazszakerto.hu\/index.php?rest_route=\/wp\/v2\/types\/page"}],"author":[{"embeddable":true,"href":"https:\/\/tarsashazszakerto.hu\/index.php?rest_route=\/wp\/v2\/users\/1"}],"replies":[{"embeddable":true,"href":"https:\/\/tarsashazszakerto.hu\/index.php?rest_route=%2Fwp%2Fv2%2Fcomments&post=268"}],"version-history":[{"count":5,"href":"https:\/\/tarsashazszakerto.hu\/index.php?rest_route=\/wp\/v2\/pages\/268\/revisions"}],"predecessor-version":[{"id":517,"href":"https:\/\/tarsashazszakerto.hu\/index.php?rest_route=\/wp\/v2\/pages\/268\/revisions\/517"}],"wp:attachment":[{"href":"https:\/\/tarsashazszakerto.hu\/index.php?rest_route=%2Fwp%2Fv2%2Fmedia&parent=268"}],"curies":[{"name":"wp","href":"https:\/\/api.w.org\/{rel}","templated":true}]}}